r(-6).
2, 5
Let v(o) = 6*o + 14. Suppose -5 = 4*t - 17. Let p(x) = 5*x + 13. Let m(f) = t*p(f) - 2*v(f). List the prime factors of m(13).
2, 5
Suppose 0 = -13*f + 8*f + 615. Suppose f + 197 = 5*y. Suppose 16 = -4*h + 4*r + y, h + 5*r = 30. List the prime factors of h.
3, 5
Let d(w) = -3*w**2 - 11*w + 23. Let k be d(10). Let l = k + 847. What are the prime factors of l?
2, 5, 23
Let r(a) = 8*a**2 - 10*a - 2. Let w(v) = -2*v - 17. Let g be w(-6). Let c be r(g). Suppose 3*m + c = 2*f, -2*f + 5*m = f - 371. List the prime factors of f.
127
Let z(p) = -2*p**2 - 25*p - 7 + 2*p + 3*p**2 - 4. Let v be z(27). Let f = v - 94. What are the prime factors of f?
3
Let o = -1285 - -579. Let d = o - -1245. What are the prime factors of d?
7, 11
Suppose -12 = -5*u + 3. Suppose -u*t = 4*o - 1244, -3*t - 210 = -o + 116. List the prime factors of o.
2, 157
Let p = 7515 - 2449. List the prime factors of p.
2, 17, 149
Suppose 25938 = -65*n + 68*n. What are the prime factors of n?
2, 3, 11, 131
Let k(t) = 2*t**3 + 11*t**2 - 8*t - 2. Let v = 78 + -84. Let q be k(v). List the prime factors of 4/q + 1959/15 + 1.
2, 3, 11
Suppose 1603*x - 751800 = 1561*x. What are the prime factors of x?
2, 5, 179
Suppose 0 = 6*f + 2*f - 40. Suppose -3*i + 4*m = -221, f*i = -6*m + 9*m + 350. What are the prime factors of i?
67
Let u(o) = -o**3 + 8*o**2 - o + 2. Suppose -60 = -12*n + 24. Let f be u(n). Let l = 108 - f. What are the prime factors of l?
2
Suppose 0 = 4*y + l - 48515 - 15838, 5*l = -15. What are the prime factors of y?
3, 31, 173
Suppose -5*q = 4*r - 28478, q - 2*r = 2956 + 2762. What are the prime factors of q?
2, 2851
What are the prime factors of (-555342)/(-17) + 231/(-1309)?
3, 10889
Let j(k) be the first derivative of 5*k**3/3 + 3*k**2 + 10*k - 8. Let m be j(8). Suppose 2*t + 4*t = m. List the prime factors of t.
3, 7
Suppose -2*q + 802 = 2*n - 976, -n - 1 = 0. What are the prime factors of q?
2, 5, 89
Suppose 4*s + 5*u = 89909, 2249*s - 89907 = 2245*s - 3*u. What are the prime factors of s?
2, 3, 1873
Suppose 82*o = 176287 + 171065. What are the prime factors of o?
2, 3, 353
Let z(n) be the second derivative of 3*n**5/5 + n**4/12 - n**3/6 + 6*n**2 + n - 77. What are the prime factors of z(3)?
2, 3, 19
Suppose 0 = -2*v + 5*w + 1454, 9*w = 4*v + 8*w - 2854. List the prime factors of v.
2, 89
Let z(k) be the second derivative of k**3/2 + 21*k**2/2 + 13*k. Let r be z(-16). List the prime factors of (0 - -4) + (2 - r).
3, 11
Let y(s) = s**3 - 6*s**2 - 8*s + 14. Let n be y(7). Suppose -19 = -3*i - n. Suppose -4*w + w + 338 = 5*a, -i*a - 5*w = -260. List the prime factors of a.
2, 5, 7
Let v(k) = -18*k - 248. Let g be v(49). Let f = 2599 + g. List the prime factors of f.
13, 113
What are the prime factors of (-16)/(-152) + 1409826/114?
83, 149
Suppose 44*v - 82 = 3*v. Suppose 4*f = -v*j + 2064, -3*f + 3*j - 5*j = -1549. What are the prime factors of f?
5, 103
Suppose -4*f - 3*m = -10413, 4*f - 7*m - 10412 = -11*m. List the prime factors of f.
2, 3, 7, 31
Let u be (5/(-2))/(33/(-66)). Suppose 11*s - 8*s = -3*h + 2970, u*s = 3*h + 4966. What are the prime factors of s?
2, 31
Let n = 26060 - 12559. What are the prime factors of n?
23, 587
Let r(h) = 0*h - 13 + h**3 - 8*h**2 - 13*h + 0*h + 16*h. Let a be r(8). Let c(k) = 3*k + 19. List the prime factors of c(a).
2, 13
Suppose b + 2*w + 526 = 0, 0 = 3*b - 0*w - w + 1543. Let t = b - -755. What are the prime factors of t?
239
Let y = -22999 + 28123. List the prime factors of y.
2, 3, 7, 61
Suppose 55*n - 18876 = 3*n. Let s = n - -571. List the prime factors of s.
2, 467
Let p(u) = 9 - 4 - 3 + 56 + 263*u - 16. List the prime factors of p(3).
3, 277
Suppose -2*m + 12 = 2*n, -8*m + 2*n - 3 = -7*m. Suppose -2*x + 4*a + 800 = -0*a, m*x + 5*a - 1156 = 0. What are the prime factors of x?
2, 7
Suppose 4*a - 2*a - 3*m = 12, 0 = -2*a + m + 12. Suppose -3*t - 3*v - a = 0, -4*t - 4*v - 4 = -2*t. What are the prime factors of ((-7281)/4)/(-9) - t/(-8)?
2, 101
Suppose -i - 153 = -2*i. Let r = i - -8. What are the prime factors of r?
7, 23
Suppose -60*i + 3285 = d - 65*i, -i = -d + 3281. Suppose 7*o - 2411 - d = 0. List the prime factors of o.
3, 271
Suppose -k + 74362 = v, -4*v - 60459 - 162606 = -3*k. What are the prime factors of k?
23, 53, 61
Let r(u) = -25*u**3 - 15 - 7 + u**2 - 10*u**2 + 26*u**3 - 9*u. Let i be r(10). Let z = i + 145. List the prime factors of z.
7, 19
Let r = -150 - -144. What are the prime factors of 21/(-4)*344/r?
7, 43
List the prime factors of ((-32)/14 - -2) + (-2446496)/(-182).
2, 11, 13, 47
Suppose -4*t - 2*m - 2454 = 0, 8*t = 5*t + 4*m - 1813. Let p = t - -1710. What are the prime factors of p?
7, 157
Let w = -44 - -45. List the prime factors of w + 2 + 613 + (8 - 3).
3, 23
Suppose -5*c + 27*c - 782848 = 0. List the prime factors of c.
2, 139
Let p = -41735 - -60062. What are the prime factors of p?
3, 41, 149
Let c(b) = -b**2 - 119*b + 4818. List the prime factors of c(0).
2, 3, 11, 73
Let h(v) = -v**2 + 10*v - 6. Let m be h(17). Suppose 2*a + 4*p = 536, -5*p - 542 = -2*a - 7*p. Let w = a + m. What are the prime factors of w?
149
Let u = -17 - -17. Suppose k = -0*k - w + 84, -5*w - 5 = u. Suppose -k = -t + 2*n, -5*t + 3*n + 512 = 115. What are the prime factors of t?
7, 11
Let t = 22 + 43. Suppose -67*n + 82 = -t*n. List the prime factors of n.
41
Suppose 10189 = 6*z - 11315. Suppose -10*s + z + 136 = 0. What are the prime factors of s?
2, 3, 31
Suppose 10 = 71*p - 76*p, -2*s + 3*p = -6138. List the prime factors of s.
2, 3, 7, 73
List the prime factors of (21999/4)/((-60)/(-240)).
3, 7333
Suppose -180*b + 16*b = 90*b - 7037578. What are the prime factors of b?
103, 269
Let t = 7946 + -1169. List the prime factors of t.
3, 251
Let a = -503 - -741. Suppose -4*v - 2*j + 1794 = 0, 2*j + 10 = 4*j. Let d = v - a. List the prime factors of d.
2, 13
List the prime factors of (-4)/((-1)/((-7)/(-14))) - -4974.
2, 311
Let a(c) = -c**3 + 6*c**2 - 6*c - 3. Let k be a(4). Suppose w - k*w + 420 = 0. Let d = 157 - w. What are the prime factors of d?
2, 13
Let h(d) = -d**3 + 6*d**2 + 9. Suppose 0 = 6*g - 17 - 19. Let j be h(g). Suppose -11*u + 164 = -j*u. List the prime factors of u.
2, 41
Let t(q) = 35*q**2 + 37*q + 13. Let r be t(11). Suppose 0 = -42*w + 27433 + r. What are the prime factors of w?
2, 191
What are the prime factors of (125905/(-14))/5*-34 + (-685)/(-4795)?
2, 30577
Suppose 5*l - 2*l - 1166 = -5*y, 0 = 4*y + 20. Let p = l - 232. Let d = p - 107. List the prime factors of d.
2, 29
Suppose 61*u = 551905 + 118058. List the prime factors of u.
3, 7, 523
Let s(y) = -y**3 + 7*y**2 + 3. Let n be s(7). Suppose -28 + n = z. Let t = 68 - z. List the prime factors of t.
3, 31
Suppose -49*t - 117197 = -448535. What are the prime factors of t?
2, 3, 7, 23
Let j = 20050 + -5670. List the prime factors of j.
2, 5, 719
Let n be (-126)/(-12) - (-3)/(-6). Suppose 9*a + n = 1. Let k(p) = 216*p**2 - 2. What are the prime factors of k(a)?
2, 107
Suppose -b + 4*b - 15 = 0. Suppose -25 = -b*k - 5. Suppose -k*o + 2*o + 188 = 0. What are the prime factors of o?
2, 47
Let d(x) = -x**3 + 2*x**2 + x + 6. Let u be d(3). Suppose u = 2*z - 2, -t + 19*z - 21*z + 272 = 0. What are the prime factors of t?
2, 3, 5
Suppose 7*y - 5*y - 8612 = -d, -2*y = -d - 8604. List the prime factors of y.
2, 269
Suppose -4*z - 425 = 3*w + 490, -4*w + 4*z = 1192. Let x = w + 317. What are the prime factors of x?
2
Let n = 718 + -1081. Let y = 139 - n. What are the prime factors of y?
2, 251
Let x(c) = -c**2 + 14*c - 34. Let z be x(8). Let s(u) = -11*u - 21*u - 15*u + 54*u + z. List the prime factors of s(9).
7, 11
Let s = -196 + 199. Suppose -480 - 531 = -s*w. List the prime factors of w.
337
Suppose 55*b = -34*b + 58384. List the prime factors of b.
2, 41
Let i(w) = 5*w + 13. Suppose 11 + 15 = -2*d. Let h be i(d). What are the prime factors of 112 + (-1)/4 + h/(-16)?
5, 23
Let z(p) = p**3 - 6*p**2 + 8*p + 4. Let w be z(4). Suppose -w*t + t + 180 = 0. Let n = 142 - t. List the prime factors of n.
2, 41
Suppose -26 - 6 = -4*n. Let s be -16*(2/n + -1). Suppose 3*z - 2*d - 324 = -z, 3*d = -s. What are the prime factors of z?
79
Let x(f) = -7*f**2 + 4*f**2 - 7*f**2 - 11*f + 9*f**2 - 63*f + 20. What are the prime factors of x(-38)?
2, 347
Let i = -1036 + 307. L